inder when 2783 is divided by 22.
11
What is the remainder when 100 is divided by 27?
19
What is the remainder when 465 is divided by 9?
6
Calculate the remainder when 157 is divided by 34.
21
Calculate the remainder when 2854 is divided by 568.
14
Calculate the remainder when 2605 is divided by 144.
13
Calculate the remainder when 983 is divided by 945.
38
Calculate the remainder when 1326 is divided by 67.
53
Calculate the remainder when 2033 is divided by 97.
93
Calculate the remainder when 350 is divided by 22.
20
What is the remainder when 252 is divided by 3?
0
What is the remainder when 387 is divided by 47?
11
What is the remainder when 1468 is divided by 46?
42
Calculate the remainder when 43 is divided by 29.
14
Calculate the remainder when 58 is divided by 5.
3
What is the remainder when 404 is divided by 46?
36
Calculate the remainder when 201 is divided by 94.
13
What is the remainder when 2519 is divided by 34?
3
Calculate the remainder when 55 is divided by 33.
22
Calculate the remainder when 3818 is divided by 147.
143
Calculate the remainder when 551 is divided by 20.
11
What is the remainder when 361 is divided by 33?
31
What is the remainder when 1407 is divided by 47?
44
Calculate the remainder when 680 is divided by 170.
0
Calculate the remainder when 1425 is divided by 21.
18
Calculate the remainder when 4493 is divided by 145.
143
What is the remainder when 14783 is divided by 192?
191
What is the remainder when 1278 is divided by 160?
158
Calculate the remainder when 480 is divided by 21.
18
What is the remainder when 1594 is divided by 47?
43
What is the remainder when 5764 is divided by 304?
292
What is the remainder when 306 is divided by 97?
15
Calculate the remainder when 173 is divided by 47.
32
What is the remainder when 959 is divided by 9?
5
What is the remainder when 560 is divided by 186?
2
Calculate the remainder when 725 is divided by 146.
141
What is the remainder when 660 is divided by 17?
14
Calculate the remainder when 43 is divided by 26.
17
What is the remainder when 1245 is divided by 29?
27
What is the remainder when 189 is divided by 13?
7
What is the remainder when 258 is divided by 11?
5
Calculate the remainder when 20 is divided by 4.
0
What is the remainder when 366 is divided by 42?
30
Calculate the remainder when 190 is divided by 48.
46
What is the remainder when 357 is divided by 45?
42
What is the remainder when 4918 is divided by 30?
28
Calculate the remainder when 262 is divided by 8.
6
Calculate the remainder when 128 is divided by 27.
20
What is the remainder when 1670 is divided by 27?
23
Calculate the remainder when 200 is divided by 8.
0
What is the remainder when 1735 is divided by 14?
13
Calculate the remainder when 651 is divided by 34.
5
What is the remainder when 245 is divided by 25?
20
Calculate the remainder when 17230 is divided by 48.
46
What is the remainder when 212 is divided by 43?
40
What is the remainder when 4032 is divided by 126?
0
Calculate the remainder when 1984 is divided by 18.
4
What is the remainder when 248 is divided by 36?
32
Calculate the remainder when 233 is divided by 10.
3
Calculate the remainder when 8542 is divided by 33.
28
What is the remainder when 246 is divided by 19?
18
What is the remainder when 52 is divided by 6?
4
What is the remainder when 720 is divided by 269?
182
What is the remainder when 83 is divided by 13?
5
What is the remainder when 623 is divided by 34?
11
Calculate the remainder when 112 is divided by 24.
16
What is the remainder when 197 is divided by 36?
17
What is the remainder when 190 is divided by 90?
10
What is the remainder when 240 is divided by 167?
73
What is the remainder when 146 is divided by 52?
42
Calculate the remainder when 4414 is divided by 276.
274
Calculate the remainder when 255 is divided by 88.
79
What is the remainder when 14654 is divided by 15?
14
What is the remainder when 82 is divided by 10?
2
Calculate the remainder when 3909 is divided by 85.
84
Calculate the remainder when 559 is divided by 269.
21
What is the remainder when 114 is divided by 53?
8
What is the remainder when 1160 is divided by 82?
12
What is the remainder when 381 is divided by 59?
27
What is the remainder when 81 is divided by 56?
25
What is the remainder when 21 is divided by 4?
1
Calculate the remainder when 48 is divided by 35.
13
Calculate the remainder when 224 is divided by 26.
16
Calculate the remainder when 365 is divided by 129.
107
What is the remainder when 1692 is divided by 77?
75
What is the remainder when 126 is divided by 32?
30
What is the remainder when 1402 is divided by 201?
196
What is the remainder when 1649 is divided by 6?
5
What is the remainder when 165 is divided by 144?
21
What is the remainder when 95 is divided by 18?
5
What is the remainder when 51 is divided by 24?
3
What is the remainder when 35 is divided by 23?
12
What is the remainder when 63 is divided by 4?
3
What is the remainder when 1257 is divided by 63?
60
What is the remainder when 1556 is divided by 100?
56
Calculate the remainder when 479 is divided by 94.
9
Calculate the remainder when 17027 is divided by 36.
35
What is the remainder when 609 is divided by 77?
70
Calculate the remainder when 68 is divided by 45.
23
What is the remainder when 156 is divided by 33?
24
Calculate the remainder when 229 is divided by 55.
9
Calculate the remainder when 898 is divided by 66.
40
Calculate the remainder when 160 is divided by 39.
4
Calculate the remainder when 63 is divided by 25.
13
What is the remainder when 209 is divided by 194?
15
What is the remainder when 231 is divided by 78?
75
What is the remainder when 3317 is divided by 20?
17
Calculate the remainder when 2473 is divided by 355.
343
What is the remainder when 3736 is divided by 56?
40
What is the remainder when 789 is divided by 153?
24
Calculate the remainder when 12518 is divided by 13.
12
Calculate the remainder when 341 is divided by 29.
22
What is the remainder when 811 is divided by 62?
5
What is the remainder when 357 is divided by 39?
6
Calculate the remainder when 155 is divided by 27.
20
Calculate the remainder when 129 is divided by 36.
21
What is the remainder when 513 is divided by 34?
3
What is the remainder when 92 is divided by 44?
4
Calculate the remainder when 66 is divided by 16.
2
What is the remainder when 1584 is divided by 161?
135
Calculate the remainder when 960 is divided by 318.
6
What is the remainder when 550 is divided by 19?
18
What is the remainder when 227 is divided by 13?
6
Calculate the remainder when 83 is divided by 5.
3
Calculate the remainder when 295 is divided by 60.
55
What is the remainder when 27364 is divided by 14?
8
What is the remainder when 578 is divided by 45?
38
What is the remainder when 273 is divided by 86?
15
What is the remainder when 415 is divided by 136?
7
Calculate the remainder when 56 is divided by 8.
0
What is the remainder when 539 is divided by 30?
29
What is the remainder when 153 is divided by 153?
0
What is the remainder when 1393 is divided by 93?
91
What is the remainder when 979 is divided by 140?
139
Calculate the remainder when 158 is divided by 16.
14
What is the remainder when 340 is divided by 18?
16
What is the remainder when 130 is divided by 39?
13
Calculate the remainder when 37 is divided by 11.
4
Calculate the remainder when 2504 is divided by 114.
110
Calculate the remainder when 654 is divided by 60.
54
What is the remainder when 149 is divided by 25?
24
What is the remainder when 899 is divided by 41?
38
What is the remainder when 846 is divided by 32?
14
What is the remainder when 673 is divided by 64?
33
Calculate the remainder when 799 is divided by 151.
44
Calculate the remainder when 4210 is divided by 162.
160
Calculate the remainder when 48 is divided by 23.
2
What is the remainder when 320 is divided by 54?
50
Calculate the remainder when 78 is divided by 32.
14
Calculate the remainder when 767 is divided by 187.
19
What is the remainder when 2838 is divided by 219?
210
What is the remainder when 82 is divided by 64?
18
What is the remainder when 69 is divided by 15?
9
What is the remainder when 346 is divided by 68?
6
What is the remainder when 474 is divided by 93?
9
What is 